Last updated on 2024-06-03 01:48:23 CEST.
Flavor | Version | Tinstall | Tcheck | Ttotal | Status | Flags |
---|---|---|---|---|---|---|
r-devel-linux-x86_64-debian-clang | 2.3.3 | 9.23 | 49.98 | 59.21 | NOTE | |
r-devel-linux-x86_64-debian-gcc | 2.3.3 | 5.92 | 35.99 | 41.91 | NOTE | |
r-devel-linux-x86_64-fedora-clang | 2.3.3 | 69.89 | NOTE | |||
r-devel-linux-x86_64-fedora-gcc | 2.3.3 | 65.44 | NOTE | |||
r-devel-windows-x86_64 | 2.3.3 | 8.00 | 56.00 | 64.00 | NOTE | |
r-patched-linux-x86_64 | 2.3.3 | 10.06 | 46.32 | 56.38 | NOTE | |
r-release-linux-x86_64 | 2.3.3 | 7.34 | 47.97 | 55.31 | NOTE | |
r-release-macos-arm64 | 2.3.3 | 22.00 | NOTE | |||
r-release-windows-x86_64 | 2.3.3 | 7.00 | 53.00 | 60.00 | NOTE | |
r-oldrel-macos-arm64 | 2.3.3 | 24.00 | OK | |||
r-oldrel-macos-x86_64 | 2.3.3 | 37.00 | OK | |||
r-oldrel-windows-x86_64 | 2.3.3 | 8.00 | 60.00 | 68.00 | OK |
Version: 2.3.3
Check: Rd files
Result: NOTE
checkRd: (-1) HTML.data.frame.Rd:54: Lost braces; missing escapes or markup?
54 | \code{getOption("R2HTML.format.decimal.mark")} and {options("R2HTML.format.decimal.mark"=",")}
| ^
Flavors: r-devel-linux-x86_64-debian-clang, r-devel-linux-x86_64-debian-gcc, r-devel-linux-x86_64-fedora-clang, r-devel-linux-x86_64-fedora-gcc, r-devel-windows-x86_64, r-patched-linux-x86_64, r-release-linux-x86_64, r-release-macos-arm64, r-release-windows-x86_64
Version: 2.3.3
Check: Rd line widths
Result: NOTE
Rd file 'HTMLInsertGraph.Rd':
\examples lines wider than 100 characters:
## Not run: plot(table(rpois(100,5)), type = "h", col = "red", lwd=10,main="rpois(100,lambda=5)")
These lines will be truncated in the PDF manual.
Flavors: r-devel-linux-x86_64-debian-clang, r-devel-linux-x86_64-debian-gcc, r-devel-linux-x86_64-fedora-clang, r-devel-linux-x86_64-fedora-gcc, r-patched-linux-x86_64, r-release-linux-x86_64