Last updated on 2024-06-17 01:48:37 CEST.
Flavor | Version | Tinstall | Tcheck | Ttotal | Status | Flags |
---|---|---|---|---|---|---|
r-devel-linux-x86_64-debian-clang | 1.7.1 | 35.59 | 52.38 | 87.97 | OK | |
r-devel-linux-x86_64-debian-gcc | 1.7.1 | 32.95 | 40.83 | 73.78 | OK | |
r-devel-linux-x86_64-fedora-clang | 1.7.1 | 123.37 | NOTE | |||
r-devel-linux-x86_64-fedora-gcc | 1.7.1 | 115.68 | NOTE | |||
r-devel-windows-x86_64 | 1.7.1 | 32.00 | 61.00 | 93.00 | OK | |
r-patched-linux-x86_64 | 1.7.1 | 39.73 | 50.71 | 90.44 | OK | |
r-release-linux-x86_64 | 1.7.1 | 26.26 | 52.04 | 78.30 | OK | |
r-release-macos-arm64 | 1.7.1 | 49.00 | OK | |||
r-release-macos-x86_64 | 1.7.1 | 61.00 | OK | |||
r-release-windows-x86_64 | 1.7.1 | 35.00 | 63.00 | 98.00 | OK | |
r-oldrel-macos-arm64 | 1.7.1 | 52.00 | OK | |||
r-oldrel-macos-x86_64 | 1.7.1 | 78.00 | OK | |||
r-oldrel-windows-x86_64 | 1.7.1 | 46.00 | 69.00 | 115.00 | OK |
Version: 1.7.1
Check: data for non-ASCII characters
Result: NOTE
Note: found 7256 marked UTF-8 strings
Flavors: r-devel-linux-x86_64-fedora-clang, r-devel-linux-x86_64-fedora-gcc