Last updated on 2024-06-14 01:51:32 CEST.
Flavor | Version | Tinstall | Tcheck | Ttotal | Status | Flags |
---|---|---|---|---|---|---|
r-devel-linux-x86_64-debian-clang | 1.6.5 | 196.09 | 632.68 | 828.77 | OK | |
r-devel-linux-x86_64-debian-gcc | 1.6.5 | 0.34 | 2.00 | 2.34 | ERROR | |
r-devel-linux-x86_64-fedora-clang | 1.6.5 | 1155.88 | OK | |||
r-devel-linux-x86_64-fedora-gcc | 1.6.5 | 1079.29 | OK | |||
r-devel-windows-x86_64 | 1.6.5 | 156.00 | 454.00 | 610.00 | OK | |
r-patched-linux-x86_64 | 1.6.5 | 189.56 | 616.56 | 806.12 | OK | |
r-release-linux-x86_64 | 1.6.5 | 174.88 | 602.59 | 777.47 | OK | |
r-release-macos-arm64 | 1.6.5 | 266.00 | NOTE | |||
r-release-macos-x86_64 | 1.6.5 | 392.00 | NOTE | |||
r-release-windows-x86_64 | 1.6.5 | 157.00 | 449.00 | 606.00 | OK | |
r-oldrel-macos-arm64 | 1.6.5 | 184.00 | NOTE | |||
r-oldrel-macos-x86_64 | 1.6.5 | 284.00 | NOTE | |||
r-oldrel-windows-x86_64 | 1.6.5 | 193.00 | 602.00 | 795.00 | OK |
Version: 1.6.5
Check: package dependencies
Result: ERROR
Packages required but not available:
'purrr', 'Seurat', 'cowplot', 'patchwork', 'scater', 'ggthemes',
'dplyr', 'ggplot2', 'DR.SC', 'ggpubr'
See section ‘The DESCRIPTION file’ in the ‘Writing R Extensions’
manual.
Flavor: r-devel-linux-x86_64-debian-gcc
Version: 1.6.5
Check: installed package size
Result: NOTE
installed size is 11.5Mb
sub-directories of 1Mb or more:
data 2.2Mb
libs 8.5Mb
Flavors: r-release-macos-arm64, r-release-macos-x86_64, r-oldrel-macos-arm64, r-oldrel-macos-x86_64