Last updated on 2024-06-17 01:48:37 CEST.
Flavor | Version | Tinstall | Tcheck | Ttotal | Status | Flags |
---|---|---|---|---|---|---|
r-devel-linux-x86_64-debian-clang | 2.0.5 | 54.05 | 196.69 | 250.74 | NOTE | |
r-devel-linux-x86_64-debian-gcc | 2.0.5 | 39.20 | 147.96 | 187.16 | NOTE | |
r-devel-linux-x86_64-fedora-clang | 2.0.5 | 358.08 | NOTE | |||
r-devel-linux-x86_64-fedora-gcc | 2.0.5 | 329.12 | NOTE | |||
r-devel-windows-x86_64 | 2.0.5 | 45.00 | 163.00 | 208.00 | NOTE | |
r-patched-linux-x86_64 | 2.0.5 | 50.28 | 188.78 | 239.06 | NOTE | |
r-release-linux-x86_64 | 2.0.5 | 36.61 | 187.44 | 224.05 | NOTE | |
r-release-macos-arm64 | 2.0.5 | 80.00 | NOTE | |||
r-release-macos-x86_64 | 2.0.5 | 118.00 | NOTE | |||
r-release-windows-x86_64 | 2.0.5 | 48.00 | 166.00 | 214.00 | NOTE | |
r-oldrel-macos-arm64 | 2.0.5 | 93.00 | NOTE | |||
r-oldrel-macos-x86_64 | 2.0.5 | 156.00 | NOTE | |||
r-oldrel-windows-x86_64 | 2.0.5 | 58.00 | 210.00 | 268.00 | NOTE |
Version: 2.0.5
Check: C++ specification
Result: NOTE
Specified C++11: please drop specification unless essential
Flavors: r-devel-linux-x86_64-debian-clang, r-devel-linux-x86_64-debian-gcc, r-devel-linux-x86_64-fedora-clang, r-devel-linux-x86_64-fedora-gcc, r-devel-windows-x86_64, r-patched-linux-x86_64, r-release-linux-x86_64, r-release-macos-arm64, r-release-macos-x86_64, r-release-windows-x86_64, r-oldrel-macos-arm64, r-oldrel-macos-x86_64, r-oldrel-windows-x86_64