Last updated on 2024-06-17 01:48:37 CEST.
Flavor | Version | Tinstall | Tcheck | Ttotal | Status | Flags |
---|---|---|---|---|---|---|
r-devel-linux-x86_64-debian-clang | 0.1-0 | 7.66 | 81.62 | 89.28 | NOTE | |
r-devel-linux-x86_64-debian-gcc | 0.1-0 | 5.97 | 60.39 | 66.36 | NOTE | |
r-devel-linux-x86_64-fedora-clang | 0.1-0 | 114.43 | NOTE | |||
r-devel-linux-x86_64-fedora-gcc | 0.1-0 | 117.70 | NOTE | |||
r-devel-windows-x86_64 | 0.1-0 | 8.00 | 92.00 | 100.00 | NOTE | |
r-patched-linux-x86_64 | 0.1-0 | 7.96 | 77.68 | 85.64 | NOTE | |
r-release-linux-x86_64 | 0.1-0 | 6.50 | 77.30 | 83.80 | NOTE | |
r-release-macos-arm64 | 0.1-0 | 42.00 | NOTE | |||
r-release-macos-x86_64 | 0.1-0 | 74.00 | NOTE | |||
r-release-windows-x86_64 | 0.1-0 | 7.00 | 91.00 | 98.00 | NOTE | |
r-oldrel-macos-arm64 | 0.1-0 | 46.00 | NOTE | |||
r-oldrel-macos-x86_64 | 0.1-0 | 62.00 | NOTE | |||
r-oldrel-windows-x86_64 | 0.1-0 | 8.00 | 100.00 | 108.00 | NOTE |
Version: 0.1-0
Check: LazyData
Result: NOTE
'LazyData' is specified without a 'data' directory
Flavors: r-devel-linux-x86_64-debian-clang, r-devel-linux-x86_64-debian-gcc, r-devel-linux-x86_64-fedora-clang, r-devel-linux-x86_64-fedora-gcc, r-devel-windows-x86_64, r-patched-linux-x86_64, r-release-linux-x86_64, r-release-macos-arm64, r-release-macos-x86_64, r-release-windows-x86_64, r-oldrel-macos-arm64, r-oldrel-macos-x86_64, r-oldrel-windows-x86_64