Last updated on 2024-06-14 01:51:29 CEST.
Flavor | Version | Tinstall | Tcheck | Ttotal | Status | Flags |
---|---|---|---|---|---|---|
r-devel-linux-x86_64-debian-clang | 1.0.0 | 5.93 | 74.43 | 80.36 | NOTE | |
r-devel-linux-x86_64-debian-gcc | 1.0.0 | 0.42 | 1.75 | 2.17 | ERROR | |
r-devel-linux-x86_64-fedora-clang | 1.0.0 | 97.77 | NOTE | |||
r-devel-linux-x86_64-fedora-gcc | 1.0.0 | 90.01 | NOTE | |||
r-devel-windows-x86_64 | 1.0.0 | 7.00 | 79.00 | 86.00 | NOTE | |
r-patched-linux-x86_64 | 1.0.0 | 16.81 | 72.20 | 89.01 | NOTE | |
r-release-linux-x86_64 | 1.0.0 | 5.06 | 71.71 | 76.77 | NOTE | |
r-release-macos-arm64 | 1.0.0 | 32.00 | NOTE | |||
r-release-macos-x86_64 | 1.0.0 | 45.00 | NOTE | |||
r-release-windows-x86_64 | 1.0.0 | 7.00 | 80.00 | 87.00 | NOTE | |
r-oldrel-macos-arm64 | 1.0.0 | 36.00 | OK | |||
r-oldrel-macos-x86_64 | 1.0.0 | 48.00 | OK | |||
r-oldrel-windows-x86_64 | 1.0.0 | 9.00 | 89.00 | 98.00 | OK |
Version: 1.0.0
Check: Rd files
Result: NOTE
checkRd: (-1) RLum.OSL_decomposition.Rd:90-91: Lost braces
90 | \item \link{optimise_OSLintervals}: {Approximates the optimal integration intervals. Uses the global
| ^
checkRd: (-1) RLum.OSL_decomposition.Rd:92-94: Lost braces
92 | \item \link{decompose_OSLcurve}: {Calculates component intensities for \strong{all} \code{record_type} measurements.
| ^
checkRd: (-1) fit_OSLcurve.Rd:97: Lost braces; missing escapes or markup?
97 | fitting with the \emph{RSS_{K-1}} value of the previous fitting and calculates
| ^
Flavors: r-devel-linux-x86_64-debian-clang, r-devel-linux-x86_64-fedora-clang, r-devel-linux-x86_64-fedora-gcc, r-devel-windows-x86_64, r-patched-linux-x86_64, r-release-linux-x86_64, r-release-macos-arm64, r-release-macos-x86_64, r-release-windows-x86_64
Version: 1.0.0
Check: package dependencies
Result: ERROR
Packages required but not available: 'Luminescence', 'ggplot2', 'ggpubr'
Package suggested but not available for checking: ‘kableExtra’
See section ‘The DESCRIPTION file’ in the ‘Writing R Extensions’
manual.
Flavor: r-devel-linux-x86_64-debian-gcc
Version: 1.0.0
Check: Rd cross-references
Result: NOTE
Undeclared package ‘knitr’ in Rd xrefs
Flavor: r-devel-linux-x86_64-fedora-clang