Last updated on 2024-06-14 01:51:27 CEST.
Flavor | Version | Tinstall | Tcheck | Ttotal | Status | Flags |
---|---|---|---|---|---|---|
r-devel-linux-x86_64-debian-clang | 1.3.3 | 7.54 | 36.10 | 43.64 | OK | |
r-devel-linux-x86_64-debian-gcc | 1.3.3 | 5.02 | 27.36 | 32.38 | ERROR | |
r-devel-linux-x86_64-fedora-clang | 1.3.3 | 54.44 | NOTE | |||
r-devel-linux-x86_64-fedora-gcc | 1.3.3 | 52.43 | NOTE | |||
r-devel-windows-x86_64 | 1.3.3 | 7.00 | 55.00 | 62.00 | OK | |
r-patched-linux-x86_64 | 1.3.3 | 6.06 | 35.09 | 41.15 | OK | |
r-release-linux-x86_64 | 1.3.3 | 7.17 | 34.82 | 41.99 | OK | |
r-release-macos-arm64 | 1.3.3 | 22.00 | NOTE | |||
r-release-macos-x86_64 | 1.3.3 | 30.00 | NOTE | |||
r-release-windows-x86_64 | 1.3.3 | 7.00 | 64.00 | 71.00 | OK | |
r-oldrel-macos-arm64 | 1.3.3 | 26.00 | NOTE | |||
r-oldrel-macos-x86_64 | 1.3.3 | 33.00 | NOTE | |||
r-oldrel-windows-x86_64 | 1.3.3 | 9.00 | 66.00 | 75.00 | OK |
Version: 1.3.3
Check: package dependencies
Result: NOTE
Packages suggested but not available for checking: 'BioStatR', 'ggplot2'
Flavor: r-devel-linux-x86_64-debian-gcc
Version: 1.3.3
Check: examples
Result: ERROR
Running examples in ‘ModStatR-Ex.R’ failed
The error most likely occurred in:
> base::assign(".ptime", proc.time(), pos = "CheckExEnv")
> ### Name: boot.mcor.ic
> ### Title: Intervalles de confiance bootstrap pour une matrice de
> ### corrélation de Bravais-Pearson
> ### Aliases: boot.mcor.ic
>
> ### ** Examples
>
> data(Mesures5,package="BioStatR")
Error in find.package(package, lib.loc, verbose = verbose) :
there is no package called ‘BioStatR’
Calls: data -> find.package
Execution halted
Flavor: r-devel-linux-x86_64-debian-gcc
Version: 1.3.3
Check: data for non-ASCII characters
Result: NOTE
Note: found 20578 marked UTF-8 strings
Flavors: r-devel-linux-x86_64-fedora-clang, r-devel-linux-x86_64-fedora-gcc
Version: 1.3.3
Check: installed package size
Result: NOTE
installed size is 5.6Mb
sub-directories of 1Mb or more:
data 5.3Mb
Flavors: r-release-macos-arm64, r-release-macos-x86_64, r-oldrel-macos-arm64, r-oldrel-macos-x86_64