Last updated on 2024-06-14 01:51:27 CEST.
Flavor | Version | Tinstall | Tcheck | Ttotal | Status | Flags |
---|---|---|---|---|---|---|
r-devel-linux-x86_64-debian-clang | 0.2.0 | 5.56 | 50.38 | 55.94 | OK | |
r-devel-linux-x86_64-debian-gcc | 0.2.0 | 0.27 | 1.69 | 1.96 | ERROR | |
r-devel-linux-x86_64-fedora-clang | 0.2.0 | 71.04 | OK | |||
r-devel-linux-x86_64-fedora-gcc | 0.2.0 | 71.54 | OK | |||
r-devel-windows-x86_64 | 0.2.0 | 6.00 | 59.00 | 65.00 | OK | |
r-patched-linux-x86_64 | 0.2.0 | 5.67 | 50.17 | 55.84 | OK | |
r-release-linux-x86_64 | 0.2.0 | 4.87 | 50.54 | 55.41 | OK | |
r-release-macos-arm64 | 0.2.0 | 24.00 | OK | |||
r-release-macos-x86_64 | 0.2.0 | 35.00 | OK | |||
r-release-windows-x86_64 | 0.2.0 | 6.00 | 59.00 | 65.00 | OK | |
r-oldrel-macos-arm64 | 0.2.0 | 25.00 | OK | |||
r-oldrel-macos-x86_64 | 0.2.0 | 37.00 | OK | |||
r-oldrel-windows-x86_64 | 0.2.0 | 7.00 | 67.00 | 74.00 | OK |
Version: 0.2.0
Check: package dependencies
Result: ERROR
Package required but not available: ‘ggplot2’
See section ‘The DESCRIPTION file’ in the ‘Writing R Extensions’
manual.
Flavor: r-devel-linux-x86_64-debian-gcc