Last updated on 2024-05-20 01:49:24 CEST.
Flavor | Version | Tinstall | Tcheck | Ttotal | Status | Flags |
---|---|---|---|---|---|---|
r-devel-linux-x86_64-debian-clang | 0.4.3 | 15.46 | 767.35 | 782.81 | OK | |
r-devel-linux-x86_64-debian-gcc | 0.4.3 | 11.53 | 534.39 | 545.92 | OK | |
r-devel-linux-x86_64-fedora-clang | 0.4.3 | 976.59 | NOTE | |||
r-devel-linux-x86_64-fedora-gcc | 0.4.3 | 979.32 | NOTE | |||
r-devel-windows-x86_64 | 0.4.3 | 12.00 | 705.00 | 717.00 | OK | |
r-patched-linux-x86_64 | 0.4.3 | 15.99 | 746.28 | 762.27 | OK | |
r-release-linux-x86_64 | 0.4.3 | 12.19 | 756.73 | 768.92 | OK | |
r-release-macos-arm64 | 0.4.3 | 252.00 | OK | |||
r-release-macos-x86_64 | 0.4.3 | 832.00 | OK | |||
r-release-windows-x86_64 | 0.4.3 | 14.00 | 695.00 | 709.00 | OK | |
r-oldrel-macos-arm64 | 0.4.3 | 255.00 | OK | |||
r-oldrel-macos-x86_64 | 0.4.3 | 720.00 | OK | |||
r-oldrel-windows-x86_64 | 0.4.3 | 16.00 | 844.00 | 860.00 | OK |
Version: 0.4.3
Check: data for non-ASCII characters
Result: NOTE
Note: found 6 marked Latin-1 strings
Flavors: r-devel-linux-x86_64-fedora-clang, r-devel-linux-x86_64-fedora-gcc