Last updated on 2024-06-14 01:51:24 CEST.
Flavor | Version | Tinstall | Tcheck | Ttotal | Status | Flags |
---|---|---|---|---|---|---|
r-devel-linux-x86_64-debian-clang | 1.3.3 | 2.10 | 31.78 | 33.88 | OK | |
r-devel-linux-x86_64-debian-gcc | 1.3.3 | 2.06 | 22.53 | 24.59 | ERROR | |
r-devel-linux-x86_64-fedora-clang | 1.3.3 | 43.92 | OK | |||
r-devel-linux-x86_64-fedora-gcc | 1.3.3 | 42.72 | OK | |||
r-devel-windows-x86_64 | 1.3.3 | 3.00 | 48.00 | 51.00 | OK | |
r-patched-linux-x86_64 | 1.3.3 | 2.38 | 32.78 | 35.16 | OK | |
r-release-linux-x86_64 | 1.3.3 | 1.96 | 31.97 | 33.93 | OK | |
r-release-macos-arm64 | 1.3.3 | 17.00 | OK | |||
r-release-macos-x86_64 | 1.3.3 | 31.00 | OK | |||
r-release-windows-x86_64 | 1.3.3 | 3.00 | 50.00 | 53.00 | OK | |
r-oldrel-macos-arm64 | 1.3.3 | 17.00 | OK | |||
r-oldrel-macos-x86_64 | 1.3.3 | 26.00 | OK | |||
r-oldrel-windows-x86_64 | 1.3.3 | 3.00 | 49.00 | 52.00 | OK |
Version: 1.3.3
Check: package dependencies
Result: NOTE
Package suggested but not available for checking: ‘testthat’
Flavor: r-devel-linux-x86_64-debian-gcc
Version: 1.3.3
Check: tests
Result: ERROR
Running ‘testthat.R’ [0s/0s]
Running the tests in ‘tests/testthat.R’ failed.
Complete output:
> library(testthat)
Error in library(testthat) : there is no package called 'testthat'
Execution halted
Flavor: r-devel-linux-x86_64-debian-gcc