Last updated on 2024-06-03 01:48:16 CEST.
Flavor | Version | Tinstall | Tcheck | Ttotal | Status | Flags |
---|---|---|---|---|---|---|
r-devel-linux-x86_64-debian-clang | 1.0.0 | 36.12 | 115.56 | 151.68 | OK | |
r-devel-linux-x86_64-debian-gcc | 1.0.0 | 21.55 | 90.20 | 111.75 | OK | |
r-devel-linux-x86_64-fedora-clang | 1.0.0 | 192.20 | OK | |||
r-devel-linux-x86_64-fedora-gcc | 1.0.0 | 198.83 | OK | |||
r-devel-windows-x86_64 | 1.0.0 | 27.00 | 178.00 | 205.00 | OK | |
r-patched-linux-x86_64 | 1.0.0 | 28.22 | 111.94 | 140.16 | OK | |
r-release-linux-x86_64 | 1.0.0 | 19.21 | 114.97 | 134.18 | OK | |
r-release-macos-arm64 | 1.0.0 | 81.00 | NOTE | |||
r-release-macos-x86_64 | 1.0.0 | 151.00 | NOTE | |||
r-release-windows-x86_64 | 1.0.0 | 26.00 | 182.00 | 208.00 | OK | |
r-oldrel-macos-arm64 | 1.0.0 | 82.00 | NOTE | |||
r-oldrel-macos-x86_64 | 1.0.0 | 155.00 | NOTE | |||
r-oldrel-windows-x86_64 | 1.0.0 | 33.00 | 202.00 | 235.00 | NOTE |
Version: 1.0.0
Check: installed package size
Result: NOTE
installed size is 5.0Mb
sub-directories of 1Mb or more:
data 2.1Mb
doc 1.6Mb
Flavors: r-release-macos-arm64, r-release-macos-x86_64, r-oldrel-macos-arm64, r-oldrel-macos-x86_64, r-oldrel-windows-x86_64