Last updated on 2025-11-03 00:50:03 CET.
| Flavor | Version | Tinstall | Tcheck | Ttotal | Status | Flags |
|---|---|---|---|---|---|---|
| r-devel-linux-x86_64-debian-clang | 1.2.8 | 143.70 | 349.74 | 493.44 | OK | |
| r-devel-linux-x86_64-debian-gcc | 1.2.8 | 100.30 | 243.34 | 343.64 | OK | |
| r-devel-linux-x86_64-fedora-clang | 1.2.8 | 840.00 | 41.24 | 881.24 | OK | |
| r-devel-linux-x86_64-fedora-gcc | 1.2.8 | 960.00 | -48.72 | 911.28 | OK | |
| r-devel-windows-x86_64 | 1.2.8 | 175.00 | 339.00 | 514.00 | OK | |
| r-patched-linux-x86_64 | 1.2.8 | 134.86 | 336.23 | 471.09 | OK | |
| r-release-linux-x86_64 | 1.2.8 | 139.95 | 330.87 | 470.82 | OK | |
| r-release-macos-arm64 | 1.2.8 | 77.00 | 81.00 | 158.00 | OK | |
| r-release-macos-x86_64 | 1.2.8 | 162.00 | 159.00 | 321.00 | OK | |
| r-release-windows-x86_64 | 1.2.8 | 175.00 | 325.00 | 500.00 | OK | |
| r-oldrel-macos-arm64 | 1.2.8 | 91.00 | 144.00 | 235.00 | NOTE | |
| r-oldrel-macos-x86_64 | 1.2.8 | 244.00 | 339.00 | 583.00 | NOTE | |
| r-oldrel-windows-x86_64 | 1.2.8 | 249.00 | 445.00 | 694.00 | NOTE |
Version: 1.2.8
Check: installed package size
Result: NOTE
installed size is 7.6Mb
sub-directories of 1Mb or more:
R 7.0Mb
Flavors: r-oldrel-macos-arm64, r-oldrel-macos-x86_64, r-oldrel-windows-x86_64