Last updated on 2024-06-17 01:48:29 CEST.
Flavor | Version | Tinstall | Tcheck | Ttotal | Status | Flags |
---|---|---|---|---|---|---|
r-devel-linux-x86_64-debian-clang | 3.6.4 | 62.05 | 490.66 | 552.71 | OK | |
r-devel-linux-x86_64-debian-gcc | 3.6.4 | 52.67 | 381.24 | 433.91 | OK | |
r-devel-linux-x86_64-fedora-clang | 3.6.4 | 765.03 | NOTE | |||
r-devel-linux-x86_64-fedora-gcc | 3.6.4 | 736.00 | OK | |||
r-devel-windows-x86_64 | 3.6.4 | 52.00 | 321.00 | 373.00 | NOTE | |
r-patched-linux-x86_64 | 3.6.4 | 51.04 | 494.06 | 545.10 | OK | |
r-release-linux-x86_64 | 3.6.4 | 60.22 | 483.48 | 543.70 | OK | |
r-release-macos-arm64 | 3.6.4 | 176.00 | NOTE | |||
r-release-macos-x86_64 | 3.6.4 | 307.00 | NOTE | |||
r-release-windows-x86_64 | 3.6.4 | 44.00 | 322.00 | 366.00 | NOTE | |
r-oldrel-macos-arm64 | 3.6.4 | 279.00 | NOTE | |||
r-oldrel-macos-x86_64 | 3.6.4 | 468.00 | NOTE | |||
r-oldrel-windows-x86_64 | 3.6.4 | 69.00 | 412.00 | 481.00 | NOTE |
Version: 3.6.4
Check: installed package size
Result: NOTE
installed size is 10.7Mb
sub-directories of 1Mb or more:
R 4.7Mb
doc 2.4Mb
extdata 2.1Mb
Flavors: r-devel-linux-x86_64-fedora-clang, r-devel-windows-x86_64, r-release-macos-arm64, r-release-macos-x86_64, r-release-windows-x86_64, r-oldrel-macos-arm64, r-oldrel-macos-x86_64, r-oldrel-windows-x86_64