Last updated on 2024-06-14 01:51:18 CEST.
Flavor | Version | Tinstall | Tcheck | Ttotal | Status | Flags |
---|---|---|---|---|---|---|
r-devel-linux-x86_64-debian-clang | 2.6 | 3.95 | 47.12 | 51.07 | NOTE | |
r-devel-linux-x86_64-debian-gcc | 2.6 | 3.00 | 34.64 | 37.64 | NOTE | |
r-devel-linux-x86_64-fedora-clang | 2.6 | 62.21 | NOTE | |||
r-devel-linux-x86_64-fedora-gcc | 2.6 | 59.66 | NOTE | |||
r-devel-windows-x86_64 | 2.6 | 4.00 | 58.00 | 62.00 | NOTE | |
r-patched-linux-x86_64 | 2.6 | 4.67 | 46.60 | 51.27 | NOTE | |
r-release-linux-x86_64 | 2.6 | 3.70 | 45.85 | 49.55 | NOTE | |
r-release-macos-arm64 | 2.6 | 24.00 | NOTE | |||
r-release-macos-x86_64 | 2.6 | 35.00 | NOTE | |||
r-release-windows-x86_64 | 2.6 | 3.00 | 64.00 | 67.00 | NOTE | |
r-oldrel-macos-arm64 | 2.6 | 26.00 | OK | |||
r-oldrel-macos-x86_64 | 2.6 | 47.00 | OK | |||
r-oldrel-windows-x86_64 | 2.6 | 5.00 | 61.00 | 66.00 | OK |
Version: 2.6
Check: Rd files
Result: NOTE
checkRd: (-1) pi0FAMT.Rd:18: Lost braces
18 | \code{pi0}{The estimated proportion \code{pi0} of null hypotheses.}}
| ^
Flavors: r-devel-linux-x86_64-debian-clang, r-devel-linux-x86_64-debian-gcc, r-devel-linux-x86_64-fedora-clang, r-devel-linux-x86_64-fedora-gcc, r-devel-windows-x86_64, r-patched-linux-x86_64, r-release-linux-x86_64, r-release-macos-arm64, r-release-macos-x86_64, r-release-windows-x86_64