Last updated on 2024-06-17 01:48:29 CEST.
Flavor | Version | Tinstall | Tcheck | Ttotal | Status | Flags |
---|---|---|---|---|---|---|
r-devel-linux-x86_64-debian-clang | 0.10.1 | 40.85 | 483.29 | 524.14 | OK | |
r-devel-linux-x86_64-debian-gcc | 0.10.1 | 28.72 | 339.36 | 368.08 | OK | |
r-devel-linux-x86_64-fedora-clang | 0.10.1 | 632.09 | OK | |||
r-devel-linux-x86_64-fedora-gcc | 0.10.1 | 610.72 | OK | |||
r-devel-windows-x86_64 | 0.10.1 | 28.00 | 344.00 | 372.00 | OK | |
r-patched-linux-x86_64 | 0.10.1 | 38.26 | 457.09 | 495.35 | OK | |
r-release-linux-x86_64 | 0.10.1 | 29.27 | 452.81 | 482.08 | OK | |
r-release-macos-arm64 | 0.10.1 | 175.00 | OK | |||
r-release-macos-x86_64 | 0.10.1 | 281.00 | OK | |||
r-release-windows-x86_64 | 0.10.1 | 30.00 | 383.00 | 413.00 | WARN | |
r-oldrel-macos-arm64 | 0.10.1 | 187.00 | OK | |||
r-oldrel-macos-x86_64 | 0.10.1 | 571.00 | OK | |||
r-oldrel-windows-x86_64 | 0.10.1 | 38.00 | 460.00 | 498.00 | OK |
Version: 0.10.1
Check: whether the namespace can be loaded with stated dependencies
Result: WARN
A namespace must be able to be loaded with just the base namespace
loaded: otherwise if the namespace gets loaded by a saved object, the
session will be unable to start.
Probably some imports need to be declared in the NAMESPACE file.
Flavor: r-release-windows-x86_64
Version: 0.10.1
Check: whether the namespace can be unloaded cleanly
Result: WARN
During startup - Warning messages:
1: package 'utils' in options("defaultPackages") was not found
2: In .getClassesFromCache(Class) :
restarting interrupted promise evaluation
Error in get("#HAS_DUPLICATE_CLASS_NAMES", envir = .classTable) :
object '#HAS_DUPLICATE_CLASS_NAMES' not found
Calls: suppressMessages ... .findInheritedMethods -> .duplicateClassesExist -> get
Execution halted
Flavor: r-release-windows-x86_64