Last updated on 2024-06-17 01:48:28 CEST.
Flavor | Version | Tinstall | Tcheck | Ttotal | Status | Flags |
---|---|---|---|---|---|---|
r-devel-linux-x86_64-debian-clang | 2.0 | 15.86 | 122.53 | 138.39 | OK | |
r-devel-linux-x86_64-debian-gcc | 2.0 | 11.08 | 88.68 | 99.76 | OK | |
r-devel-linux-x86_64-fedora-clang | 2.0 | 179.73 | OK | |||
r-devel-linux-x86_64-fedora-gcc | 2.0 | 156.27 | OK | |||
r-devel-windows-x86_64 | 2.0 | 12.00 | 92.00 | 104.00 | OK | |
r-patched-linux-x86_64 | 2.0 | 14.55 | 113.65 | 128.20 | OK | |
r-release-linux-x86_64 | 2.0 | 14.68 | 115.16 | 129.84 | OK | |
r-release-macos-arm64 | 2.0 | 53.00 | OK | |||
r-release-macos-x86_64 | 2.0 | 71.00 | OK | |||
r-release-windows-x86_64 | 2.0 | 13.00 | 81.00 | 94.00 | WARN | |
r-oldrel-macos-arm64 | 2.0 | 49.00 | OK | |||
r-oldrel-macos-x86_64 | 2.0 | 131.00 | OK | |||
r-oldrel-windows-x86_64 | 2.0 | 16.00 | 115.00 | 131.00 | OK |
Version: 2.0
Check: Rd files
Result: WARN
During startup - Warning messages:
1: package 'utils' in options("defaultPackages") was not found
2: In .getClassesFromCache(Class) :
restarting interrupted promise evaluation
Flavor: r-release-windows-x86_64