Last updated on 2024-06-17 01:48:27 CEST.
Flavor | Version | Tinstall | Tcheck | Ttotal | Status | Flags |
---|---|---|---|---|---|---|
r-devel-linux-x86_64-debian-clang | 0.2.8 | 35.43 | 41.59 | 77.02 | OK | |
r-devel-linux-x86_64-debian-gcc | 0.2.8 | 22.90 | 32.35 | 55.25 | OK | |
r-devel-linux-x86_64-fedora-clang | 0.2.8 | 104.17 | OK | |||
r-devel-linux-x86_64-fedora-gcc | 0.2.8 | 102.85 | OK | |||
r-devel-windows-x86_64 | 0.2.8 | 26.00 | 69.00 | 95.00 | OK | |
r-patched-linux-x86_64 | 0.2.8 | 26.84 | 40.96 | 67.80 | OK | |
r-release-linux-x86_64 | 0.2.8 | 31.51 | 41.33 | 72.84 | OK | |
r-release-macos-arm64 | 0.2.8 | 29.00 | OK | |||
r-release-macos-x86_64 | 0.2.8 | 39.00 | OK | |||
r-release-windows-x86_64 | 0.2.8 | 26.00 | 75.00 | 101.00 | WARN | |
r-oldrel-macos-arm64 | 0.2.8 | 32.00 | OK | |||
r-oldrel-macos-x86_64 | 0.2.8 | 47.00 | OK | |||
r-oldrel-windows-x86_64 | 0.2.8 | 34.00 | 83.00 | 117.00 | OK |
Version: 0.2.8
Check: data for ASCII and uncompressed saves
Result: WARN
During startup - Warning messages:
1: package "methods" in options("defaultPackages") was not found
2: In doTryCatch(return(expr), name, parentenv, handler) :
restarting interrupted promise evaluation
3: package 'stats' in options("defaultPackages") was not found
Flavor: r-release-windows-x86_64