Last updated on 2025-11-03 00:49:58 CET.
| Flavor | Version | Tinstall | Tcheck | Ttotal | Status | Flags | 
|---|---|---|---|---|---|---|
| r-devel-linux-x86_64-debian-clang | 0.9.6 | 9.58 | 160.71 | 170.29 | OK | |
| r-devel-linux-x86_64-debian-gcc | 0.9.6 | 7.11 | 100.61 | 107.72 | OK | |
| r-devel-linux-x86_64-fedora-clang | 0.9.6 | 32.00 | 237.39 | 269.39 | OK | |
| r-devel-linux-x86_64-fedora-gcc | 0.9.6 | 23.00 | 245.09 | 268.09 | OK | |
| r-devel-windows-x86_64 | 0.9.6 | 12.00 | 155.00 | 167.00 | OK | |
| r-patched-linux-x86_64 | 0.9.6 | 12.28 | 150.37 | 162.65 | OK | |
| r-release-linux-x86_64 | 0.9.6 | 9.11 | 147.59 | 156.70 | OK | |
| r-release-macos-arm64 | 0.9.6 | 4.00 | 63.00 | 67.00 | OK | |
| r-release-macos-x86_64 | 0.9.6 | 17.00 | 158.00 | 175.00 | OK | |
| r-release-windows-x86_64 | 0.9.6 | 13.00 | 151.00 | 164.00 | OK | |
| r-oldrel-macos-arm64 | 0.9.6 | 4.00 | 65.00 | 69.00 | NOTE | |
| r-oldrel-macos-x86_64 | 0.9.6 | 7.00 | 97.00 | 104.00 | NOTE | |
| r-oldrel-windows-x86_64 | 0.9.6 | 21.00 | 205.00 | 226.00 | NOTE | 
Version: 0.9.6
Check: installed package size
Result: NOTE
    installed size is  5.3Mb
    sub-directories of 1Mb or more:
      appinformation   4.1Mb
Flavors: r-oldrel-macos-arm64, r-oldrel-macos-x86_64, r-oldrel-windows-x86_64