Last updated on 2024-06-17 01:48:27 CEST.
Flavor | Version | Tinstall | Tcheck | Ttotal | Status | Flags |
---|---|---|---|---|---|---|
r-devel-linux-x86_64-debian-clang | 2.0.5 | 21.32 | 44.10 | 65.42 | NOTE | |
r-devel-linux-x86_64-debian-gcc | 2.0.5 | 14.83 | 32.87 | 47.70 | NOTE | |
r-devel-linux-x86_64-fedora-clang | 2.0.5 | 91.39 | NOTE | |||
r-devel-linux-x86_64-fedora-gcc | 2.0.5 | 103.77 | NOTE | |||
r-devel-windows-x86_64 | 2.0.5 | 19.00 | 80.00 | 99.00 | NOTE | |
r-patched-linux-x86_64 | 2.0.5 | 20.24 | 41.61 | 61.85 | NOTE | |
r-release-linux-x86_64 | 2.0.5 | 17.14 | 41.39 | 58.53 | NOTE | |
r-release-macos-arm64 | 2.0.5 | 32.00 | NOTE | |||
r-release-macos-x86_64 | 2.0.5 | 50.00 | NOTE | |||
r-release-windows-x86_64 | 2.0.5 | 17.00 | 83.00 | 100.00 | NOTE | |
r-oldrel-macos-arm64 | 2.0.5 | 33.00 | NOTE | |||
r-oldrel-macos-x86_64 | 2.0.5 | 50.00 | NOTE | |||
r-oldrel-windows-x86_64 | 2.0.5 | 19.00 | 88.00 | 107.00 | NOTE |
Version: 2.0.5
Check: package subdirectories
Result: NOTE
Problems with news in ‘NEWS.md’:
No news entries found.
Flavors: r-devel-linux-x86_64-debian-clang, r-devel-linux-x86_64-debian-gcc, r-devel-linux-x86_64-fedora-clang, r-devel-linux-x86_64-fedora-gcc, r-devel-windows-x86_64, r-patched-linux-x86_64, r-release-linux-x86_64, r-release-macos-arm64, r-release-macos-x86_64, r-release-windows-x86_64, r-oldrel-macos-arm64, r-oldrel-macos-x86_64, r-oldrel-windows-x86_64