Last updated on 2024-06-07 02:55:26 CEST.
Flavor | Version | Tinstall | Tcheck | Ttotal | Status | Flags |
---|---|---|---|---|---|---|
r-devel-linux-x86_64-debian-clang | 1.6.1 | 10.26 | 118.83 | 129.09 | NOTE | |
r-devel-linux-x86_64-debian-gcc | 1.6.1 | 6.66 | 95.00 | 101.66 | NOTE | |
r-devel-linux-x86_64-fedora-clang | 1.6.1 | 156.34 | NOTE | |||
r-devel-linux-x86_64-fedora-gcc | 1.6.1 | 183.28 | NOTE | |||
r-devel-windows-x86_64 | 1.6.1 | 10.00 | 154.00 | 164.00 | NOTE | |
r-patched-linux-x86_64 | 1.6.1 | 10.44 | 121.88 | 132.32 | NOTE | |
r-release-linux-x86_64 | 1.6.1 | 5.75 | 122.76 | 128.51 | NOTE | |
r-release-macos-arm64 | 1.6.1 | 52.00 | NOTE | |||
r-release-macos-x86_64 | 1.6.1 | 91.00 | NOTE | |||
r-release-windows-x86_64 | 1.6.1 | 10.00 | 154.00 | 164.00 | NOTE | |
r-oldrel-macos-arm64 | 1.6.1 | 66.00 | OK | |||
r-oldrel-macos-x86_64 | 1.6.1 | 145.00 | OK | |||
r-oldrel-windows-x86_64 | 1.6.1 | 12.00 | 176.00 | 188.00 | OK |
Version: 1.6.1
Check: Rd files
Result: NOTE
checkRd: (-1) jointprobs.Rd:14: Lost braces in \itemize; meant \describe ?
checkRd: (-1) jointprobs.Rd:15: Lost braces in \itemize; meant \describe ?
checkRd: (-1) jointprobs.Rd:16: Lost braces in \itemize; meant \describe ?
checkRd: (-1) jointprobs.Rd:21: Lost braces; missing escapes or markup?
21 | \eqn{K+1} categories the arrays will have either \eqn{K+1} or {K} dimensions, depending on whether
| ^
checkRd: (-1) multinom.gen.Rd:46: Lost braces
46 | For a \emph{K}-variate multinomial, the matrix{m} should have \emph{K-1} columns
| ^
Flavors: r-devel-linux-x86_64-debian-clang, r-devel-linux-x86_64-debian-gcc, r-devel-linux-x86_64-fedora-clang, r-devel-linux-x86_64-fedora-gcc, r-devel-windows-x86_64, r-patched-linux-x86_64, r-release-linux-x86_64, r-release-macos-arm64, r-release-macos-x86_64, r-release-windows-x86_64