Last updated on 2024-06-14 01:51:15 CEST.
Flavor | Version | Tinstall | Tcheck | Ttotal | Status | Flags |
---|---|---|---|---|---|---|
r-devel-linux-x86_64-debian-clang | 1.4 | 11.40 | 86.11 | 97.51 | OK | |
r-devel-linux-x86_64-debian-gcc | 1.4 | 0.35 | 1.57 | 1.92 | ERROR | |
r-devel-linux-x86_64-fedora-clang | 1.4 | 124.77 | OK | |||
r-devel-linux-x86_64-fedora-gcc | 1.4 | 115.27 | OK | |||
r-devel-windows-x86_64 | 1.4 | 9.00 | 76.00 | 85.00 | OK | |
r-patched-linux-x86_64 | 1.4 | 9.97 | 83.23 | 93.20 | OK | |
r-release-linux-x86_64 | 1.4 | 8.23 | 83.73 | 91.96 | OK | |
r-release-macos-arm64 | 1.4 | 34.00 | OK | |||
r-release-macos-x86_64 | 1.4 | 54.00 | OK | |||
r-release-windows-x86_64 | 1.4 | 10.00 | 82.00 | 92.00 | OK | |
r-oldrel-macos-arm64 | 1.4 | 39.00 | OK | |||
r-oldrel-macos-x86_64 | 1.4 | 64.00 | OK | |||
r-oldrel-windows-x86_64 | 1.4 | 11.00 | 89.00 | 100.00 | OK |
Version: 1.4
Check: package dependencies
Result: ERROR
Package required but not available: ‘dplyr’
See section ‘The DESCRIPTION file’ in the ‘Writing R Extensions’
manual.
Flavor: r-devel-linux-x86_64-debian-gcc