Last updated on 2024-06-14 01:51:13 CEST.
Flavor | Version | Tinstall | Tcheck | Ttotal | Status | Flags |
---|---|---|---|---|---|---|
r-devel-linux-x86_64-debian-clang | 1.0.7 | 56.22 | 415.02 | 471.24 | OK | |
r-devel-linux-x86_64-debian-gcc | 1.0.7 | 0.45 | 1.68 | 2.13 | ERROR | |
r-devel-linux-x86_64-fedora-clang | 1.0.7 | 587.00 | OK | |||
r-devel-linux-x86_64-fedora-gcc | 1.0.7 | 559.85 | OK | |||
r-devel-windows-x86_64 | 1.0.7 | 48.00 | 279.00 | 327.00 | OK | |
r-patched-linux-x86_64 | 1.0.7 | 44.45 | 391.54 | 435.99 | OK | |
r-release-linux-x86_64 | 1.0.6 | 48.32 | 392.05 | 440.37 | OK | |
r-release-macos-arm64 | 1.0.7 | 92.00 | OK | |||
r-release-macos-x86_64 | 1.0.7 | 175.00 | OK | |||
r-release-windows-x86_64 | 1.0.6 | 50.00 | 296.00 | 346.00 | OK | |
r-oldrel-macos-arm64 | 1.0.7 | 108.00 | OK | |||
r-oldrel-macos-x86_64 | 1.0.7 | 192.00 | OK | |||
r-oldrel-windows-x86_64 | 1.0.7 | 46.00 | 326.00 | 372.00 | OK |
Version: 1.0.7
Check: package dependencies
Result: ERROR
Packages required but not available:
'WGCNA', 'ggsci', 'caret', 'ggplot2', 'ggpubr', 'viridis',
'ggthemes', 'ggstatsplot', 'mlr3verse', 'ggforce', 'igraph',
'ggnetwork'
See section ‘The DESCRIPTION file’ in the ‘Writing R Extensions’
manual.
Flavor: r-devel-linux-x86_64-debian-gcc