Last updated on 2024-06-14 01:51:12 CEST.
Flavor | Version | Tinstall | Tcheck | Ttotal | Status | Flags |
---|---|---|---|---|---|---|
r-devel-linux-x86_64-debian-clang | 2.9.6 | 38.41 | 401.99 | 440.40 | OK | |
r-devel-linux-x86_64-debian-gcc | 2.9.6 | 0.28 | 1.65 | 1.93 | ERROR | |
r-devel-linux-x86_64-fedora-clang | 2.9.6 | 541.81 | OK | |||
r-devel-linux-x86_64-fedora-gcc | 2.9.6 | 510.58 | OK | |||
r-devel-windows-x86_64 | 2.9.6 | 35.00 | 262.00 | 297.00 | OK | |
r-patched-linux-x86_64 | 2.9.6 | 32.59 | 386.59 | 419.18 | OK | |
r-release-linux-x86_64 | 2.9.6 | 30.22 | 387.39 | 417.61 | OK | |
r-release-macos-arm64 | 2.9.6 | 118.00 | OK | |||
r-release-macos-x86_64 | 2.9.6 | 318.00 | OK | |||
r-release-windows-x86_64 | 2.9.6 | 36.00 | 272.00 | 308.00 | OK | |
r-oldrel-macos-arm64 | 2.9.6 | 126.00 | OK | |||
r-oldrel-macos-x86_64 | 2.9.6 | 332.00 | OK | |||
r-oldrel-windows-x86_64 | 2.9.6 | 49.00 | 344.00 | 393.00 | OK |
Version: 2.9.6
Check: package dependencies
Result: ERROR
Packages required but not available: 'hypervolume', 'phytools'
See section ‘The DESCRIPTION file’ in the ‘Writing R Extensions’
manual.
Flavor: r-devel-linux-x86_64-debian-gcc